-4)?
6
-39 - (-24 + (13 - 4))
-24
Evaluate -15 + (-18 - (2 - 26)).
-9
What is 3 + -2 - (-30 - -36 - (5 + 0))?
0
Calculate 1 + -5 + -24 + 39 - 2 - 2.
7
What is the value of 1 - -26 - (27 + (-21 - -2) + -3)?
22
Calculate (3 - (-24 - -7)) + -26.
-6
What is the value of 10 - ((-10 - -20 - 13) + 26 + -7)?
-6
What is the value of -5 + -12 + 35 - (-7 + -4 - -6)?
23
15 - (33 - (34 + -19))
-3
What is the value of 18 + (-1 + -2 - 1) + 1?
15
What is (-7 + 4 - 2) + 6 - (-5 + 1)?
5
-11 + (-12 - (-2 + -17))
-4
What is -13 - (-26 - -15 - 12)?
10
Calculate -105 + 126 + -2 + -25.
-6
2 + -18 + 6 - (60 + -98)
28
-6 + -6 + -6 - (31 + -51)
2
What is 7 + (8 - 2) - 14?
-1
What is the value of -13 + -2 - (-30 + 1)?
14
Calculate -5 + -1 + (-58 - -69).
5
Evaluate 1 + -5 + 12 + -10 + -5.
-7
What is -3 + 16 + -26 - -14?
1
What is the value of 5 + -8 + (14 - 0)?
11
What is 4 - ((24 - -4 - 11) + -21)?
8
What is the value of -1 + (9 - ((-3 - -4) + 3)) - 0?
4
Evaluate (-1 - (-9 + (-4 - -22) - 0)) + 5.
-5
What is (-17 - (-13 - 3 - -8)) + 12?
3
Calculate 5 + (0 + -4 - (24 + -35)).
12
Evaluate 37 + 8 + -48 + 42.
39
Calculate -24 + 20 - ((-24 - -5) + -4).
19
Calculate -9 + -2 + 12 - (-1 - 1 - 16).
19
What is 22 + 19 + -10 + (5 - 5)?
31
What is -14 + (-155 - -177 - (16 + -1))?
-7
What is (-2 - 10) + -1 - (70 + -23 + -54)?
-6
-9 + -1 - (11 + -15 - 9)
3
What is the value of -14 + -1 + -9 + 9 + 3?
-12
Calculate (-3 - -3) + (-4 - -13 - 8).
1
Calculate 5 - (-1 + (4 - -4) + (-2 - 12)).
12
Calculate 9 + -12 + 8 + 1 + (-2 - 6).
-2
Evaluate 17 - 23 - (27 - 15).
-18
What is the value of 81 - 73 - (1 + 26) - -7?
-12
Evaluate (23 - (79 - 17)) + 15.
-24
Calculate 28 + -4 + -27 + 23 + -14.
6
What is (4 - (36 + -20)) + 14?
2
5 + (-4 - -3 - 3) + 3
4
Evaluate -20 + 21 + -21 + 0.
-20
Calculate -2 + (2 - (-10 + 16)).
-6
What is -8 + (-17 - -6 - (-13 - (-2 - 3)))?
-11
(15 - 11) + -37 - -11
-22
Evaluate (15 - -1) + -6 - (23 + -2).
-11
Calculate 16 + -19 + 5 + 2 + -10 - 2.
-8
1 - (17 - 5 - 3) - -16
8
What is the value of (8 - (2 - 4 - -13)) + -9?
-12
Calculate -1 - (5 - (-4 + 7) - (-6 - 8)).
-17
What is the value of 0 + -2 + (-26 - -8) - -10?
-10
Calculate (11 - 2) + (72 - 76).
5
What is (-18 - -9) + 19 + -19?
-9
Calculate -24 - ((-35 - 2) + 29).
-16
Calculate 3 - (5 + 7 + 3).
-12
What is -41 - -24 - ((-6 - (4 + -13)) + 0)?
-20
What is 19 - -2 - (39 - 34)?
16
Evaluate -2 + 6 - (16 - -2) - (31 - 35).
-10
-15 + -5 + -6 + 4 + 2 + 1
-19
Calculate -14 - (-12 + 12 + -8).
-6
What is the value of (6 - 34) + 5 + 61?
38
What is the value of (-5 - -7) + 6 + (10 - 9)?
9
(-257 - -250) + (1 - 2 - 4)
-12
Evaluate 23 + 0 + (19 - -8) + -37.
13
25 - 12 - -16 - (-2 - (0 - 2))
29
Calculate 9 + (-4 - 0 - (-181 + 187)) - -16.
15
75 + -67 + (-12 - -22)
18
What is -4 - (4 + 2) - ((-56 - -24) + -4)?
26
3 + (13 - 1 - 21) + -3
-9
Calculate -2 + 2 + 487 + -463.
24
What is the value of 2 + 41 - (-336 + 408)?
-29
Evaluate (-39 - -20 - -26) + -3.
4
What is the value of -64 + 70 - (5 + 9 + (2 - 1))?
-9
What is 0 - (5 + (-8 - (-2 + -5)))?
-4
Evaluate (15 - 10) + 7 - 46 - -17.
-17
7 - (-2 + 6 + (1 - 8) + -4)
14
Calculate 13 + (-21 - -4) + -1.
-5
What is the value of (12 - -2) + (-137 - -143)?
20
-23 + 1 - (-65 - -55)
-12
Calculate -1 + 10 - (9 - (22 - 16)) - -6.
12
0 - 0 - ((7 + -22 - 5) + 11)
9
Evaluate 17 - (-4 - (7 + -4)) - (-3 + 14).
13
What is the value of (2 - 13 - (-67 - -66)) + 39?
29
What is (0 - -9) + -2 - 21?
-14
What is 0 - 19 - (26 + (25 - 59))?
-11
Calculate 1 - 13 - ((28 - 33) + 2).
-9
What is (7 - -12 - 32) + -17 + -5?
-35
(-212 - -226) + 0 + -11 - (18 - 0)
-15
What is the value of -22 - -33 - -17 - 20?
8
-9 + 17 - (22 - 25)
11
Evaluate 28 + -63 + 48 - (-5 + -2).
20
(-26 - 4) + 26 - (2 + -1)
-5
Evaluate -1 + 0 + -2 - (-1 + -10 + 11).
-3
Calculate 15 + -29 - -35 - 17.
4
Calculate 15 + -29 + -4 + 5.
-13
What is -3 - (1 + -3 + -21 + -5) - 2?
23
Calculate 0 + (10 - 10 - -9).
9
What is the value of 10 - (-11 - (-24 + 9))?
6
(-3 + 10 - -10) + 4 + -9
12
What is the value of -15 - -12 - -24 - 4 - 0?
17
Calculate 4 + -25 + (-11 + 12 - -15).
-5
Evaluate (-31 + 51 - 4) + -31.
-15
What is 3 - (2 - (9 + -25 + 8))?
-7
Calculate 45 - (-10 + 48 - -41).
-34
Calculate 24 + (-47 - -25) + (2 + 0 - 12).
-8
29 + -17 + -1 + -35 + 2
-22
Calculate (21 - (57 + -28)) + 0 + 2 + 34.
28
What is the value of 32 - (13 - (-4 + 5 - -6))?
26
What is 14 + 1 - (8 - -13)?
-6
Evaluate -5 + 8 + 6 + (-2 - 0) + 1.
8
Evaluate -4 + 23 + -16 - 9.
-6
Calculate 8 - (-8 + (7 + -2 - 1)).
12
What is the value of -734 + 753 - (0 - -48)?
-29
-25 - -22 - ((-2 - 0) + -5)
4
Evaluate -17 - (25 + -15 - (-1 - -18)).
-10
What is -27 - -36 - (-9 + 21)?
-3
What is 66 - 55 - (1 - -9)?
1
Evaluate (-41 + 34 - (0 + 20)) + -2 + -5.
-34
What is -4 - (2 + -15) - 8 - 1?
0
Evaluate -16 - (-18 + -7 + 11).
-2
What is the value of 6 - 42 - (9 - 14)?
-31
-14 - (4 + (-2 - 19))
3
Evaluate (-2 - (-33 + 40)) + -2 + -4.
-15
1 - -8 - (-1178 - -1167)
20
What is the value of (-12 - -12) + -19 + 15?
-4
What is 3 + 8 + 1 + -3?
9
40 + -2 + -3 - (8 - (-10 - -9))
26
What is 1 + (-21 - (3 - 17))?
-6
(-4 - -10) + (0 - 3) - (5 + 15)
-17
What is the value of -32 - (6 + -19 - (1 + -5))?
-23
Calculate (-4 - 2 - (15 + -25)) + -19.
-15
Calculate -11 - (3 - 1) - -4.
-9
Evaluate (-12 - -3) + -12 + -3 + 11.
-13
What is -12 + (-3 - 18 - -43)?
10
What is the value of 4 - -16 - -4 - 11?
13
What is 6 - -9 - (-14 - -23)?
6
What is the value of 0 - (3 - -1) - -8?
4
Evaluate 5 - (7 - -2 - (86 + -105)).
-23
(11 - -23) + 3 - 13
24
2 - (15 + (-3 + 18 - 3))
-25
What is -2 - (20 - (10 - (7 - 10 - -13)))?
-22
8 + -7 + 9 + 7
17
4 - 12 - ((2 - -1) + (-13 - -7))
-5
Evaluate (7 + (-5 - -3) - 2) + (503 - 497).
9
What is the value of 11 - (3 + -3 + (14 - 0))?
-3
What is 25 + -11 - (17 + -22) - (1 + -4)?
22
Evaluate 1 + (2 - 3) + (3 - 1) + 2.
4
Evaluate 18 - (-18 - (73 - 79 - (-1 - -2))).
29
3 - (41 - 1) - (367 + -366)
-38
What is -69 - 0 - (-986 - -956)?
-39
What is (-42 - -10 - 25) + 34?
-23
What is (2 + 0 - -5) + -17 - 5?
-15
What is 16 + 15 - (-7 + 26)?
12
14 - 3 - -7 - 14
4
-20 + -3 - (441 + -483)
19
What is -3 - (-2 - 10 - 3)?
12
Evaluate -21 + 4 - (-156 - -160).
-21
-12 + 4 + 3 + -3 + 5
-3
11 - (14 + (7 - 10))
0
What is the value of 8 + (5 - 8) + (1 - 1 - 6)?
-1
What is the value of 4 + -10 - -15 - 4?
5
What is the value of -9 + 27 - (8 - -12)?
-2
Calculate (-13 - 4) + 18 - -8.
9
Evaluate 0 + 17 + 3 - (-30 - -38).
12
What is the value of (4 - -2) + 9 + -4 + -26?
-15
16 + -29 - (-1 + 4 + 2)
-18
What is the value of (-17 - (12 - -8 - 46)) + -1 + -24?
-16
What is the value of -27 + (-25 - -75) + -14?
9
-27 - (-3 - (0 + 11))
-13
-44 - (-58 - (26 + -52))
-12
What is (5 - 8) + (0 + 3 - -11) - -2?
13
What is -12 + 6 + 3 + -1 + 1 + -2?
-5
What is (8 - 0) + 209 + -210?
7
Calculate 132 + -124 - (29 + -2).
-19
What is -11 + 1 + (-3 - (-29 - -31))?
-15
What is -23 - (-10 + 15 + -2 + -10)?
-16
1 + 3 + -5 + 7 + (-27 - -13)
-8
-6 + (2 + -5 - 6) + (1 - 0)
-14
Evaluate (19 - (-7 + (-5 - -12))) + 4.
23
Evaluate (-24 - -7 - -2) + 13.
-2
What is (96 - 86) + -6 + -2 + 2?
4
-25 + 20 + -4 + 5 + -10
-14
What is the value of (-14 - -6 - -15 - -8) + -7?
8
What is the value of (-31 - -22) + 16 + -3 + 17?
21
Evaluate 1 - (8 - 0) - (6 + -13 - 9).
9
Calculate -16 - (-59 + 16 + 26).
1
Evaluate 5 + (0 - -5 - 9) - (1 + 8).
-8
What is 9 - (5 + -4 - (2 + 3))?
13
Evaluate (-26 + (-13 - -23) - 11) + -6.
-33
What is -7 + 1 + (94 - 96) + 5?
-3
What is the value of 28 + (24 + -11 - 27)?
14
Evaluate -96 - -100 - (7 - 3 - (3 - 1)).
2
Calculate -1 + (-1 - -2 - (-5 + 11)).
-6
What is -3 - 3 - -5 - (7 - 11)?
3
Evaluate 12 - (7 + 0 - (39 + -43)).
1
Evaluate 6 + (3 + -9 - -2) + -7 + 4.
-1
-14 + (4 - -2) - -19
11
-2 + (-4 - -1) + (-11 - -18) + -19
-17
-17 + (2 - (16 + -11)) - -8
-12
Calculate (7 - (8 - 9)) + 3 + -8.
3
Evaluate 17 + -2 + -14 + (2 - 8).
-5
(10 - 4) + -13 + (19 - 14)
-2
Evaluate 0 + -6 - ((-6 - -9) + 7 - 6).
-10
Evaluate (-8 + 4 + -2 - (31 - 28)) + 20.
11
-42 + (8 - (-5 - 11))
-18
Evaluate 1 - (7 + -8 + 2 + 8).
-8
Evaluate 4 + (-33 + 12 - -19).
2
Calculate -2 + -1 + 14 - (62 - 24 - 34).
7
(10 - (-17 - -26)) + 4 - -6
11
Evaluate -8 + 28 - (4 - (-4 - -5)).
17
What is the value of (-6 - -1) + 1 - (-2 - (6 - 8))?
-4
-33 + 38 + (1 + 1 - 0) + 4
11
-3 + 27 + (10 